{"id":35763,"date":"2026-03-13T18:01:06","date_gmt":"2026-03-13T22:01:06","guid":{"rendered":"https:\/\/www.fontainebleau.com\/miamibeach\/?page_id=35763"},"modified":"2026-03-13T18:01:06","modified_gmt":"2026-03-13T22:01:06","slug":"sweet-suite-bleau-termos-e-condicoes","status":"publish","type":"page","link":"https:\/\/www.fontainebleau.com\/miamibeach\/pt\/sweet-suite-bleau-termos-e-condicoes\/","title":{"rendered":"Sweet Suite Bleau &#8211; Termos e Condi\u00e7\u00f5es"},"content":{"rendered":"<div id=\"cms-block-69d27f66309672.51579577\" class=\"cms-block cms-block-element\">\n    <div class=\"breadcrumbBig\">\n  <div class=\"breadcrumb-container forDesktop blackFont \">  \n    <nav class=\"breadcrumb breadcrumbBlock gtmBreadcrumb\" aria-label=\"breadcrumb.label\"><\/nav>\n    <\/div>\n  <div class=\"breadcrumb-container forMobile a11y-hidden blackFont \"><nav class=\"breadcrumb breadcrumbBlock gtmBreadcrumb\" aria-label=\"breadcrumb.label\"><\/nav><\/div>\n <\/div>\n<\/div>\n\n\n<div id=\"cms-block-69d23f038a99c9.06740708\" class=\"cms-block cms-block-element\">\n    <div class=\"bodyTextContainer\">\n            <div class=\"bodyText\">\n            <h1 class=\"mediumHeading-1\">Sweet Suite Bleau<\/h1>\n            <div class=\"smallHeading\">Termos e Condi\u00e7\u00f5es<\/div>\n            <p class=\"smallBody\">Oferta v\u00e1lida para ocupa\u00e7\u00e3o dupla em uma su\u00edte e estadia m\u00ednima de tr\u00eas noites.<br><br>Oferta sujeita \u00e0 disponibilidade e aplicam-se datas de restri\u00e7\u00e3o, incluindo feriados e datas sazonais.<br><br>Esta oferta n\u00e3o pode ser combinada com nenhum outro desconto e n\u00e3o se aplica a grupos.<br><br>Uma taxa de hotel de US$ 53 por quarto, por dia, mais impostos, ser\u00e1 adicionada \u00e0 sua reserva. Essa taxa inclui as seguintes conveni\u00eancias:<br><br>\u2013 Acesso ilimitado \u00e0 internet sem fio nos apartamentos, no lobby e nas \u00e1reas da piscina.<br>\u2013 Acesso \u00e0 academia para h\u00f3spedes registados.<br>\u2013 Ioga ao nascer do sol aos s\u00e1bados (se o tempo permitir).<br>\u2013 Uso gratuito de equipamentos para esportes aqu\u00e1ticos n\u00e3o motorizados, como caiaques e pranchas de stand-up paddle (at\u00e9 30 minutos por pessoa, por dia).<br>\u2013 Um passeio de banana boat gratuito por dia para h\u00f3spedes registrados.<br>\u2013 At\u00e9 2 horas de uso gratuito das bicicletas do Fontainebleau por h\u00f3spede, por dia.<br>\u2013 Chamadas locais e para n\u00fameros de liga\u00e7\u00e3o gratuita.<br>\u2013 Cadeiras de praia para todos os h\u00f3spedes registrados.<br>\u2013 Acesso ao Refresh Lounge para uso antes ou depois da viagem.<br>\u2013 Um jornal di\u00e1rio (dispon\u00edvel na recep\u00e7\u00e3o).<\/p>\n        <\/div>\n    \n        \n    \n    <\/div>\n<\/div>\n","protected":false},"excerpt":{"rendered":"","protected":false},"author":83,"featured_media":0,"parent":35406,"menu_order":0,"comment_status":"closed","ping_status":"closed","template":"","meta":{"_acf_changed":false,"inline_featured_image":false,"_price":"","_stock":"","_tribe_ticket_header":"","_tribe_default_ticket_provider":"","_tribe_ticket_capacity":"0","_ticket_start_date":"","_ticket_end_date":"","_tribe_ticket_show_description":"","_tribe_ticket_show_not_going":false,"_tribe_ticket_use_global_stock":"","_tribe_ticket_global_stock_level":"","_global_stock_mode":"","_global_stock_cap":"","_tribe_rsvp_for_event":"","_tribe_ticket_going_count":"","_tribe_ticket_not_going_count":"","_tribe_tickets_list":[],"_tribe_ticket_has_attendee_info_fields":false,"footnotes":""},"class_list":["post-35763","page","type-page","status-publish","hentry"],"acf":[],"yoast_head":"<!-- This site is optimized with the Yoast SEO plugin v26.3 - https:\/\/yoast.com\/wordpress\/plugins\/seo\/ -->\n<title>Sweet Suite Bleau - Termos e Condi\u00e7\u00f5es - Fontainebleau Miami Beach<\/title>\n<meta name=\"robots\" content=\"index, follow, max-snippet:-1, max-image-preview:large, max-video-preview:-1\" \/>\n<link rel=\"canonical\" href=\"https:\/\/www.fontainebleau.com\/miamibeach\/pt\/sweet-suite-bleau-termos-e-condicoes\/\" \/>\n<meta property=\"og:locale\" content=\"en_US\" \/>\n<meta property=\"og:type\" content=\"article\" \/>\n<meta property=\"og:title\" content=\"Sweet Suite Bleau - Termos e Condi\u00e7\u00f5es - Fontainebleau Miami Beach\" \/>\n<meta property=\"og:url\" content=\"https:\/\/www.fontainebleau.com\/miamibeach\/pt\/sweet-suite-bleau-termos-e-condicoes\/\" \/>\n<meta property=\"og:site_name\" content=\"Fontainebleau Miami Beach\" \/>\n<meta property=\"article:publisher\" content=\"https:\/\/www.facebook.com\/pages\/Fontainebleau-Miami-Beach\/78458342904\" \/>\n<meta name=\"twitter:card\" content=\"summary_large_image\" \/>\n<meta name=\"twitter:site\" content=\"@Fontainebleau\" \/>\n<script type=\"application\/ld+json\" class=\"yoast-schema-graph\">{\"@context\":\"https:\/\/schema.org\",\"@graph\":[{\"@type\":\"WebPage\",\"@id\":\"https:\/\/www.fontainebleau.com\/miamibeach\/pt\/sweet-suite-bleau-termos-e-condicoes\/\",\"url\":\"https:\/\/www.fontainebleau.com\/miamibeach\/pt\/sweet-suite-bleau-termos-e-condicoes\/\",\"name\":\"Sweet Suite Bleau - Termos e Condi\u00e7\u00f5es - Fontainebleau Miami Beach\",\"isPartOf\":{\"@id\":\"https:\/\/www.fontainebleau.com\/miami\/#website\"},\"datePublished\":\"2026-03-13T22:01:06+00:00\",\"breadcrumb\":{\"@id\":\"https:\/\/www.fontainebleau.com\/miamibeach\/pt\/sweet-suite-bleau-termos-e-condicoes\/#breadcrumb\"},\"inLanguage\":\"en-US\",\"potentialAction\":[{\"@type\":\"ReadAction\",\"target\":[\"https:\/\/www.fontainebleau.com\/miamibeach\/pt\/sweet-suite-bleau-termos-e-condicoes\/\"]}]},{\"@type\":\"BreadcrumbList\",\"@id\":\"https:\/\/www.fontainebleau.com\/miamibeach\/pt\/sweet-suite-bleau-termos-e-condicoes\/#breadcrumb\",\"itemListElement\":[{\"@type\":\"ListItem\",\"position\":1,\"name\":\"Home Page PT\",\"item\":\"https:\/\/www.fontainebleau.com\/miamibeach\/pt\/\"},{\"@type\":\"ListItem\",\"position\":2,\"name\":\"Sweet Suite Bleau &#8211; Termos e Condi\u00e7\u00f5es\"}]},{\"@type\":\"WebSite\",\"@id\":\"https:\/\/www.fontainebleau.com\/miami\/#website\",\"url\":\"https:\/\/www.fontainebleau.com\/miami\/\",\"name\":\"Fontainebleau Miami Beach\",\"description\":\"\",\"publisher\":{\"@id\":\"https:\/\/www.fontainebleau.com\/miami\/#organization\"},\"potentialAction\":[{\"@type\":\"SearchAction\",\"target\":{\"@type\":\"EntryPoint\",\"urlTemplate\":\"https:\/\/www.fontainebleau.com\/miami\/?s={search_term_string}\"},\"query-input\":{\"@type\":\"PropertyValueSpecification\",\"valueRequired\":true,\"valueName\":\"search_term_string\"}}],\"inLanguage\":\"en-US\"},{\"@type\":\"Organization\",\"@id\":\"https:\/\/www.fontainebleau.com\/miami\/#organization\",\"name\":\"Fontainebleau Miami Beach\",\"url\":\"https:\/\/www.fontainebleau.com\/miami\/\",\"logo\":{\"@type\":\"ImageObject\",\"inLanguage\":\"en-US\",\"@id\":\"https:\/\/www.fontainebleau.com\/miami\/#\/schema\/logo\/image\/\",\"url\":\"https:\/\/www.fontainebleau.com\/uploads\/2024\/01\/fontainebleau-miami-beach-logo-sw.svg\",\"contentUrl\":\"https:\/\/www.fontainebleau.com\/uploads\/2024\/01\/fontainebleau-miami-beach-logo-sw.svg\",\"width\":143,\"height\":47,\"caption\":\"Fontainebleau Miami Beach\"},\"image\":{\"@id\":\"https:\/\/www.fontainebleau.com\/miami\/#\/schema\/logo\/image\/\"},\"sameAs\":[\"https:\/\/www.facebook.com\/pages\/Fontainebleau-Miami-Beach\/78458342904\",\"https:\/\/x.com\/Fontainebleau\",\"https:\/\/www.youtube.com\/fontainebleaumb\",\"https:\/\/www.instagram.com\/fontainebleaumiamibeach\/\",\"https:\/\/www.tiktok.com\/@fontainebleau\"]}]}<\/script>\n<!-- \/ Yoast SEO plugin. -->","yoast_head_json":{"title":"Sweet Suite Bleau - Termos e Condi\u00e7\u00f5es - Fontainebleau Miami Beach","robots":{"index":"index","follow":"follow","max-snippet":"max-snippet:-1","max-image-preview":"max-image-preview:large","max-video-preview":"max-video-preview:-1"},"canonical":"https:\/\/www.fontainebleau.com\/miamibeach\/pt\/sweet-suite-bleau-termos-e-condicoes\/","og_locale":"en_US","og_type":"article","og_title":"Sweet Suite Bleau - Termos e Condi\u00e7\u00f5es - Fontainebleau Miami Beach","og_url":"https:\/\/www.fontainebleau.com\/miamibeach\/pt\/sweet-suite-bleau-termos-e-condicoes\/","og_site_name":"Fontainebleau Miami Beach","article_publisher":"https:\/\/www.facebook.com\/pages\/Fontainebleau-Miami-Beach\/78458342904","twitter_card":"summary_large_image","twitter_site":"@Fontainebleau","schema":{"@context":"https:\/\/schema.org","@graph":[{"@type":"WebPage","@id":"https:\/\/www.fontainebleau.com\/miamibeach\/pt\/sweet-suite-bleau-termos-e-condicoes\/","url":"https:\/\/www.fontainebleau.com\/miamibeach\/pt\/sweet-suite-bleau-termos-e-condicoes\/","name":"Sweet Suite Bleau - Termos e Condi\u00e7\u00f5es - Fontainebleau Miami Beach","isPartOf":{"@id":"https:\/\/www.fontainebleau.com\/miami\/#website"},"datePublished":"2026-03-13T22:01:06+00:00","breadcrumb":{"@id":"https:\/\/www.fontainebleau.com\/miamibeach\/pt\/sweet-suite-bleau-termos-e-condicoes\/#breadcrumb"},"inLanguage":"en-US","potentialAction":[{"@type":"ReadAction","target":["https:\/\/www.fontainebleau.com\/miamibeach\/pt\/sweet-suite-bleau-termos-e-condicoes\/"]}]},{"@type":"BreadcrumbList","@id":"https:\/\/www.fontainebleau.com\/miamibeach\/pt\/sweet-suite-bleau-termos-e-condicoes\/#breadcrumb","itemListElement":[{"@type":"ListItem","position":1,"name":"Home Page PT","item":"https:\/\/www.fontainebleau.com\/miamibeach\/pt\/"},{"@type":"ListItem","position":2,"name":"Sweet Suite Bleau &#8211; Termos e Condi\u00e7\u00f5es"}]},{"@type":"WebSite","@id":"https:\/\/www.fontainebleau.com\/miami\/#website","url":"https:\/\/www.fontainebleau.com\/miami\/","name":"Fontainebleau Miami Beach","description":"","publisher":{"@id":"https:\/\/www.fontainebleau.com\/miami\/#organization"},"potentialAction":[{"@type":"SearchAction","target":{"@type":"EntryPoint","urlTemplate":"https:\/\/www.fontainebleau.com\/miami\/?s={search_term_string}"},"query-input":{"@type":"PropertyValueSpecification","valueRequired":true,"valueName":"search_term_string"}}],"inLanguage":"en-US"},{"@type":"Organization","@id":"https:\/\/www.fontainebleau.com\/miami\/#organization","name":"Fontainebleau Miami Beach","url":"https:\/\/www.fontainebleau.com\/miami\/","logo":{"@type":"ImageObject","inLanguage":"en-US","@id":"https:\/\/www.fontainebleau.com\/miami\/#\/schema\/logo\/image\/","url":"https:\/\/www.fontainebleau.com\/uploads\/2024\/01\/fontainebleau-miami-beach-logo-sw.svg","contentUrl":"https:\/\/www.fontainebleau.com\/uploads\/2024\/01\/fontainebleau-miami-beach-logo-sw.svg","width":143,"height":47,"caption":"Fontainebleau Miami Beach"},"image":{"@id":"https:\/\/www.fontainebleau.com\/miami\/#\/schema\/logo\/image\/"},"sameAs":["https:\/\/www.facebook.com\/pages\/Fontainebleau-Miami-Beach\/78458342904","https:\/\/x.com\/Fontainebleau","https:\/\/www.youtube.com\/fontainebleaumb","https:\/\/www.instagram.com\/fontainebleaumiamibeach\/","https:\/\/www.tiktok.com\/@fontainebleau"]}]}},"ticketed":false,"_links":{"self":[{"href":"https:\/\/www.fontainebleau.com\/miamibeach\/wp-json\/wp\/v2\/pages\/35763","targetHints":{"allow":["GET"]}}],"collection":[{"href":"https:\/\/www.fontainebleau.com\/miamibeach\/wp-json\/wp\/v2\/pages"}],"about":[{"href":"https:\/\/www.fontainebleau.com\/miamibeach\/wp-json\/wp\/v2\/types\/page"}],"author":[{"embeddable":true,"href":"https:\/\/www.fontainebleau.com\/miamibeach\/wp-json\/wp\/v2\/users\/83"}],"replies":[{"embeddable":true,"href":"https:\/\/www.fontainebleau.com\/miamibeach\/wp-json\/wp\/v2\/comments?post=35763"}],"version-history":[{"count":1,"href":"https:\/\/www.fontainebleau.com\/miamibeach\/wp-json\/wp\/v2\/pages\/35763\/revisions"}],"predecessor-version":[{"id":35766,"href":"https:\/\/www.fontainebleau.com\/miamibeach\/wp-json\/wp\/v2\/pages\/35763\/revisions\/35766"}],"up":[{"embeddable":true,"href":"https:\/\/www.fontainebleau.com\/miamibeach\/wp-json\/wp\/v2\/pages\/35406"}],"wp:attachment":[{"href":"https:\/\/www.fontainebleau.com\/miamibeach\/wp-json\/wp\/v2\/media?parent=35763"}],"curies":[{"name":"wp","href":"https:\/\/api.w.org\/{rel}","templated":true}]}}