{"id":35442,"date":"2026-03-12T19:15:43","date_gmt":"2026-03-12T23:15:43","guid":{"rendered":"https:\/\/www.fontainebleau.com\/miamibeach\/?page_id=35442"},"modified":"2026-03-12T19:15:44","modified_gmt":"2026-03-12T23:15:44","slug":"ofertas-especiais","status":"publish","type":"page","link":"https:\/\/www.fontainebleau.com\/miamibeach\/pt\/ofertas-especiais\/","title":{"rendered":"Ofertas Especiais"},"content":{"rendered":"<div id=\"cms-block-69d23ef87ffb39.99740951\" class=\"cms-block cms-block-element\">\n    <div class=\"breadcrumbBig\">\n  <div class=\"breadcrumb-container forDesktop blackFont \">  \n    <nav class=\"breadcrumb breadcrumbBlock gtmBreadcrumb\" aria-label=\"breadcrumb.label\"><\/nav>\n    <\/div>\n  <div class=\"breadcrumb-container forMobile a11y-hidden blackFont \"><nav class=\"breadcrumb breadcrumbBlock gtmBreadcrumb\" aria-label=\"breadcrumb.label\"><\/nav><\/div>\n <\/div>\n<\/div>\n\n\n<div id=\"cms-block-69d1da3cc21205.98705589\" class=\"cms-block cms-block-element\">\n                 <div class=\"heroBanner default-animation-nomov heroBanner--C1-D\">\n                \n        <div class=\"heroBanner__inner\">\n            \n            <div class=\"contentTop\">\n                            <h1>\n                    <span class=\"mediumHeading-2\"><\/span>\n                    <span class=\"largeHeading-2\">Ofertas Especiais<\/span>\n                <\/h1>\n                        <\/div>\n\n        <\/div>\n\n                <div class=\"contentBottom\">\n            \n                            <h6 class=\"titleSmall\"><\/h6>\n                        <p class=\"boldBody\">Romance sem esfor\u00e7o. Momentos serenos em spas. Momentos em fam\u00edlia inesquec\u00edveis. Noites ic\u00f4nicas de Miami \u2013 todos os caminhos levam ao Fontainebleau Miami Beach. Reserve diretamente ou ligue para 800-548-8886 para aproveitar descontos exclusivos que voc\u00ea n\u00e3o encontrar\u00e1 em nenhum outro lugar. Deixe sua estadia lend\u00e1ria se desenrolar.<\/p>\n\n                    <\/div>\n        \n                \n    <\/div>\n<\/div>\n\n\n<div id=\"cms-block-69d23ef880de65.69277648\" class=\"cms-block cms-block-element\">\n    <div class=\"microContactBig default-animated-block\">\n    <div class=\"microContact\">\n        <div class=\"contactBar\">\n            <div class=\"contactBar--content\">\n                <div class=\"contactBar--content--title\">\n                    Seja o primeiro a revelar descontos e vantagens!\n                <\/div>\n                                                <div class=\"contactBar--contactLink\">\n                    <a href=\"\/miamibeach\/special-offers-signup\/\" class=\"primary--btn btn--book-now big-btn\" target = \"_blank\">Inscreva-se<\/a>\n                <\/div>\n                            <\/div>\n        <\/div>\n    <\/div>\n<\/div>\n<\/div>\n\n\n\t<div class='cms-block cms-block-element'>\n\t\t<style>.listing-padding{padding-top:100px}@media (max-width:989px){.listing-padding{padding-top:60px}}@media (max-width:767px){.listing-padding{padding-top:60px}}<\/style>\n\t\t<div class='defaultContainerBig listing-padding'>\n\t\t\t<div class='defaultContainer'>\n\t\t\t\t<div class='AccommodationList OffersListWrapper'>\n\t\n\t\t\t\t\t<div class='filterWrapper default-animation-nomov'>\n\t\t\t\t\t\t<div class='filtersHeader'>\n\t\t\t\t\t\t\t<button type=\"button\" class=\"titleSmall filterResult uvacf\" data-show=\"1\" data-showtxt='Mostrar' data-hidetxt='Disfarce'><span>Mostrar<\/span> Filtros<\/button>\n\t\t\t\t\t\t\t<div class='min-max'>\n\t\t\t\t\t\t\t\t<div class='minWrapper min-max--option titleSmall active' tabindex='0'>Min<\/div><div class='maxWrapper min-max--option titleSmall' tabindex='0'>Max<\/div>\n\t\t\t\t\t\t\t<\/div>\n\t\t\t\t\t\t<\/div>\n\t\t\t\t\t\t<div class=\"groupList \" aria-live=\"polite\">\n\t\t\t\t\t\t\t<div class=\"list\">\n\t\t\t\t\t\t\t\t<div class=\"titleSmall\">Tipo<\/div>\n\t\t\t\t\t\t\t\t<ul class=\"allFilters filterOffers_type\"><li><a href=\"?offers_type=rooms-%26amp%3B-suites\" class=\" canFilter allFiltersLinks\"><span>Quartos e Su\u00edtes<\/span><\/a><\/li><\/ul>\n\t\t\t\t\t\t\t<\/div>\n\t\t\t\t\t\t\t<div class=\"list\">\n\t\t\t\t\t\t\t\t<div class=\"titleSmall\">Caracter\u00edsticas<\/div>\n\t\t\t\t\t\t\t\t<ul class=\"allFilters filterOffers_features\"><li><a href=\"?offers_features=inclusive-packages\" class=\" canFilter allFiltersLinks\"><span>Pacotes Inclusos<\/span><\/a><\/li><li><a href=\"?offers_features=discounts\" class=\" canFilter allFiltersLinks\"><span>Descontos<\/span><\/a><\/li><\/ul>\n\t\t\t\t\t\t\t<\/div>\n\t\t\t\t\t\t\t<div class=\"list\">\n\t\t\t\t\t\t\t\t<div class=\"titleSmall\">Comodidades<\/div>\n\t\t\t\t\t\t\t\t<ul class=\"allFilters filterOffers_amenities\"><li><a href=\"?offers_amenities=free-parking\" class=\" canFilter allFiltersLinks\"><span>Estacionamento Gratuito<\/span><\/a><\/li><li><a href=\"?offers_amenities=dining-credit\" class=\" canFilter allFiltersLinks\"><span>Cr\u00e9dito para Jantar<\/span><\/a><\/li><li><a href=\"?offers_amenities=resort-credit\" class=\" canFilter allFiltersLinks\"><span>Cr\u00e9dito do Resort<\/span><\/a><\/li><\/ul>\n\t\t\t\t\t\t\t<\/div>\n\t\t\t\t\t\t\t<div class=\"activeFilters--container\"><ul class=\"activeFilters\" aria-live=\"polite\"><\/ul><\/div>\n\t\t\t\t\t\t\t<div class=\"mobileFilterHidden\"><\/div>\n\t\t\t\t\t\t\t<div class='clearAllFilter'><\/div>\t\t\t\t\t\t<\/div>\n\t\t\t\t\t<\/div>\n\t\t\t\t\t<div class='accommodationListWrapper offerList minLayout'><div class='listCardContainer default-animation-nomov rooms-&amp;-suites'><div class='listCard'><a href='https:\/\/be.synxis.com\/?Hotel=12476&amp;Chain=5321&amp;theme=newTheme&amp;promo=SUITELIFE&amp;_gl=1*1g0el2f*_gcl_aw*R0NMLjE3NjkxMDM5NTUuQ2p3S0NBaUFzc2ZMQmhCREVpd0FjTHB3ZmhQWXdjelRaRHFHZi1JVXNjVkRjMFpELV8yV2QxODAtWXJSTHlmelNSQ05Ial9mUzlhYzZSb0N2bzBRQXZEX0J3RQ..*_gcl_dc*R0NMLjE3NjkxMDM5NTUuQ2p3S0NBaUFzc2ZMQmhCREVpd0FjTHB3ZmhQWXdjelRaRHFHZi1JVXNjVkRjMFpELV8yV2QxODAtWXJSTHlmelNSQ05Ial9mUzlhYzZSb0N2bzBRQXZEX0J3RQ..*_gcl_au*MzU1NzQyOTI4LjE3NzA2NTIzOTY.*_ga*OTAyNjM4NDQuMTcyOTUyOTk0Mg..*_ga_G9DEWEW4C6*czE3NzM4NDA3NjMkbzMxMiRnMSR0MTc3Mzg0MTE5MiRqNjAkbDAkaDA.' class='listCard--link' target='';><div class='imageContainer'><img decoding='async' class='lazyImg propertyImage' src='\/images\/placeholder.png' data-src='https:\/\/www.fontainebleau.com\/uploads\/2025\/09\/Special-Offer-at-Fontainebleau-Miami-Beach_Experience-the-Suite-Life-1024x683.jpg' alt='Experience the Suite Life' \/><\/div><div class='listDetails'><div class='titleSmall'>Experience the Suite Life<\/div><ul class='listItems smallBody'><li class='line-clamp-dis'>Mergulhe na eleg\u00e2ncia impec\u00e1vel da experi\u00eancia VIP do Fontainebleau. Aproveite check-in privativo, caf\u00e9 da manh\u00e3 di\u00e1rio, prioridade nas refei\u00e7\u00f5es, servi\u00e7o de concierge personalizado e um cr\u00e9dito de US$ 150 para uso no resort. Al\u00e9m disso, reserve uma cabana e ganhe champanhe ou vinho ros\u00e9 por nossa conta.<br \/>\r\n<\/li><\/ul><\/div><\/a><div class='listDetails listDetails-lower'><div class='propertyLinks'><a class='cta-underline' href='\/miamibeach\/pt\/experience-the-suite-life-termos-e-condicoes\/' target='';>Termos &amp; Condi\u00e7\u00f5es<\/a><a class='button primary--btn btn--section-small' href='https:\/\/be.synxis.com\/?Hotel=12476&amp;Chain=5321&amp;theme=newTheme&amp;promo=SUITELIFE&amp;_gl=1*1g0el2f*_gcl_aw*R0NMLjE3NjkxMDM5NTUuQ2p3S0NBaUFzc2ZMQmhCREVpd0FjTHB3ZmhQWXdjelRaRHFHZi1JVXNjVkRjMFpELV8yV2QxODAtWXJSTHlmelNSQ05Ial9mUzlhYzZSb0N2bzBRQXZEX0J3RQ..*_gcl_dc*R0NMLjE3NjkxMDM5NTUuQ2p3S0NBaUFzc2ZMQmhCREVpd0FjTHB3ZmhQWXdjelRaRHFHZi1JVXNjVkRjMFpELV8yV2QxODAtWXJSTHlmelNSQ05Ial9mUzlhYzZSb0N2bzBRQXZEX0J3RQ..*_gcl_au*MzU1NzQyOTI4LjE3NzA2NTIzOTY.*_ga*OTAyNjM4NDQuMTcyOTUyOTk0Mg..*_ga_G9DEWEW4C6*czE3NzM4NDA3NjMkbzMxMiRnMSR0MTc3Mzg0MTE5MiRqNjAkbDAkaDA.' target='';>Reserve j\u00e1<\/a><\/div><\/div><\/div><div class='listCard'><a href='https:\/\/be.synxis.com\/?_gl=1*v36ogp*_gcl_aw*R0NMLjE3NjkxMDM5NTUuQ2p3S0NBaUFzc2ZMQmhCREVpd0FjTHB3ZmhQWXdjelRaRHFHZi1JVXNjVkRjMFpELV8yV2QxODAtWXJSTHlmelNSQ05Ial9mUzlhYzZSb0N2bzBRQXZEX0J3RQ..*_gcl_dc*R0NMLjE3NjkxMDM5NTUuQ2p3S0NBaUFzc2ZMQmhCREVpd0FjTHB3ZmhQWXdjelRaRHFHZi1JVXNjVkRjMFpELV8yV2QxODAtWXJSTHlmelNSQ05Ial9mUzlhYzZSb0N2bzBRQXZEX0J3RQ..*_gcl_au*MzU1NzQyOTI4LjE3NzA2NTIzOTY.*_ga*OTAyNjM4NDQuMTcyOTUyOTk0Mg..*_ga_G9DEWEW4C6*czE3NzM4NDA3NjMkbzMxMiRnMSR0MTc3Mzg0MTIyOSRqMjMkbDAkaDA.&amp;adult=2&amp;arrive=2026-03-18&amp;chain=5321&amp;child=0&amp;currency=USD&amp;depart=2026-03-19&amp;hotel=12476&amp;level=hotel&amp;locale=en-US&amp;productcurrency=USD&amp;promo=SUITEBLEAU&amp;rate=SUITEBLEAU&amp;rooms=1' class='listCard--link' target='';><div class='imageContainer'><img decoding='async' class='lazyImg propertyImage' src='\/images\/placeholder.png' data-src='https:\/\/www.fontainebleau.com\/uploads\/2025\/07\/Suite-Sweet-Bleau-1024x683.jpg' alt='SWEET SUITE BLEAU' \/><\/div><div class='listDetails'><div class='titleSmall'>SWEET SUITE BLEAU<\/div><ul class='listItems smallBody'><li class='line-clamp-dis'>Ter uma su\u00edte t\u00eam suas vantagens. Receba um cr\u00e9dito de US$ 100 para restaurantes a cada noite de sua estadia. De restaurantes de classe mundial e experi\u00eancias exclusivas a compras em lojas de grife e momentos de serenidade em um spa \u2013 cada instante \u00e9 cuidadosamente pensado para a sua estadia.<br \/>\r\n<\/li><\/ul><\/div><\/a><div class='listDetails listDetails-lower'><div class='propertyLinks'><a class='cta-underline' href='\/miamibeach\/pt\/sweet-suite-bleau-termos-e-condicoes\/' target='';>Termos &amp; Condi\u00e7\u00f5es<\/a><a class='button primary--btn btn--section-small' href='https:\/\/be.synxis.com\/?_gl=1*v36ogp*_gcl_aw*R0NMLjE3NjkxMDM5NTUuQ2p3S0NBaUFzc2ZMQmhCREVpd0FjTHB3ZmhQWXdjelRaRHFHZi1JVXNjVkRjMFpELV8yV2QxODAtWXJSTHlmelNSQ05Ial9mUzlhYzZSb0N2bzBRQXZEX0J3RQ..*_gcl_dc*R0NMLjE3NjkxMDM5NTUuQ2p3S0NBaUFzc2ZMQmhCREVpd0FjTHB3ZmhQWXdjelRaRHFHZi1JVXNjVkRjMFpELV8yV2QxODAtWXJSTHlmelNSQ05Ial9mUzlhYzZSb0N2bzBRQXZEX0J3RQ..*_gcl_au*MzU1NzQyOTI4LjE3NzA2NTIzOTY.*_ga*OTAyNjM4NDQuMTcyOTUyOTk0Mg..*_ga_G9DEWEW4C6*czE3NzM4NDA3NjMkbzMxMiRnMSR0MTc3Mzg0MTIyOSRqMjMkbDAkaDA.&amp;adult=2&amp;arrive=2026-03-18&amp;chain=5321&amp;child=0&amp;currency=USD&amp;depart=2026-03-19&amp;hotel=12476&amp;level=hotel&amp;locale=en-US&amp;productcurrency=USD&amp;promo=SUITEBLEAU&amp;rate=SUITEBLEAU&amp;rooms=1' target='';>Reserve j\u00e1<\/a><\/div><\/div><\/div><div class='listCard'><a href='https:\/\/be.synxis.com\/?Hotel=12476&amp;Chain=5321&amp;theme=newTheme&amp;promo=FLRES&amp;_gl=1*1kqgpa8*_gcl_aw*R0NMLjE3NjkxMDM5NTUuQ2p3S0NBaUFzc2ZMQmhCREVpd0FjTHB3ZmhQWXdjelRaRHFHZi1JVXNjVkRjMFpELV8yV2QxODAtWXJSTHlmelNSQ05Ial9mUzlhYzZSb0N2bzBRQXZEX0J3RQ..*_gcl_dc*R0NMLjE3NjkxMDM5NTUuQ2p3S0NBaUFzc2ZMQmhCREVpd0FjTHB3ZmhQWXdjelRaRHFHZi1JVXNjVkRjMFpELV8yV2QxODAtWXJSTHlmelNSQ05Ial9mUzlhYzZSb0N2bzBRQXZEX0J3RQ..*_gcl_au*MzU1NzQyOTI4LjE3NzA2NTIzOTY.*_ga*OTAyNjM4NDQuMTcyOTUyOTk0Mg..*_ga_G9DEWEW4C6*czE3NzM4NDA3NjMkbzMxMiRnMSR0MTc3Mzg0MTIzMCRqMjIkbDAkaDA.&amp;__utma=97975432.90263844.1729529942.1772729816.1773840783.44&amp;__utmb=97975432.0.10.1773840783&amp;__utmc=97975432&amp;__utmx=-&amp;__utmz=97975432.1764876468.27.2.utmcsr=urvenue.atlassian.net%7Cutmccn=(referral)%7Cutmcmd=referral%7Cutmcct=\/&amp;__utmv=-&amp;__utmk=48109167' class='listCard--link' target='';><div class='imageContainer'><img decoding='async' class='lazyImg propertyImage' src='\/images\/placeholder.png' data-src='https:\/\/www.fontainebleau.com\/uploads\/2025\/07\/Special-Offer_Staycation-scaled-1-1024x683.jpg' alt='DREAM STAYCATION' \/><\/div><div class='listDetails'><div class='titleSmall'>DREAM STAYCATION<\/div><ul class='listItems smallBody'><li class='line-clamp-dis'>Por que viajar para longe quando o para\u00edso est\u00e1 bem aqui? Hospede-se no Fontainebleau e experimente uma transforma\u00e7\u00e3o definitiva. Comece o seu dia com um caf\u00e9 da manh\u00e3 por nossa conta no Vida e chegue sem complica\u00e7\u00f5es com o servi\u00e7o de manobrista gratuito. Quer voc\u00ea venha do Alabama, das Carolinas, da Fl\u00f3rida ou da Ge\u00f3rgia, fa\u00e7a do Fontainebleau seu lar longe de casa.<br \/>\r\n<\/li><\/ul><\/div><\/a><div class='listDetails listDetails-lower'><div class='propertyLinks'><a class='cta-underline' href='\/miamibeach\/pt\/dream-staycation-terminos-y-condiciones\/' target='';>Termos &amp; Condi\u00e7\u00f5es<\/a><a class='button primary--btn btn--section-small' href='https:\/\/be.synxis.com\/?Hotel=12476&amp;Chain=5321&amp;theme=newTheme&amp;promo=FLRES&amp;_gl=1*1kqgpa8*_gcl_aw*R0NMLjE3NjkxMDM5NTUuQ2p3S0NBaUFzc2ZMQmhCREVpd0FjTHB3ZmhQWXdjelRaRHFHZi1JVXNjVkRjMFpELV8yV2QxODAtWXJSTHlmelNSQ05Ial9mUzlhYzZSb0N2bzBRQXZEX0J3RQ..*_gcl_dc*R0NMLjE3NjkxMDM5NTUuQ2p3S0NBaUFzc2ZMQmhCREVpd0FjTHB3ZmhQWXdjelRaRHFHZi1JVXNjVkRjMFpELV8yV2QxODAtWXJSTHlmelNSQ05Ial9mUzlhYzZSb0N2bzBRQXZEX0J3RQ..*_gcl_au*MzU1NzQyOTI4LjE3NzA2NTIzOTY.*_ga*OTAyNjM4NDQuMTcyOTUyOTk0Mg..*_ga_G9DEWEW4C6*czE3NzM4NDA3NjMkbzMxMiRnMSR0MTc3Mzg0MTIzMCRqMjIkbDAkaDA.&amp;__utma=97975432.90263844.1729529942.1772729816.1773840783.44&amp;__utmb=97975432.0.10.1773840783&amp;__utmc=97975432&amp;__utmx=-&amp;__utmz=97975432.1764876468.27.2.utmcsr=urvenue.atlassian.net%7Cutmccn=(referral)%7Cutmcmd=referral%7Cutmcct=\/&amp;__utmv=-&amp;__utmk=48109167' target='';>Reserve j\u00e1<\/a><\/div><\/div><\/div><div class='listCard'><a href='https:\/\/be.synxis.com\/?Hotel=12476&amp;Chain=5321&amp;promo=FULL' class='listCard--link' target='';><div class='imageContainer'><div class='badges'><div class='topLine'>Economize at\u00e9<\/div><div class='bottomLine'>27%<\/div><\/div><img decoding='async' class='lazyImg propertyImage' src='\/images\/placeholder.png' data-src='https:\/\/www.fontainebleau.com\/uploads\/2025\/07\/Fontainebleau-Miami-Beach-Cabanas-1024x683.jpg' alt='Pague antecipadamente e economize' \/><\/div><div class='listDetails'><div class='titleSmall'>Pague antecipadamente e economize<\/div><ul class='listItems smallBody'><li class='line-clamp-dis'>Quem paga antecipadamente leva vantagem. Pague sua estadia antecipadamente e Economize at\u00e9 27%. Pague a conta antecipadamente e economize muito.<br \/>\r\n<\/li><\/ul><\/div><\/a><div class='listDetails listDetails-lower'><div class='propertyLinks'><a class='cta-underline' href='\/miamibeach\/terms-florida-georgia-resident-rate\/' target='';>Termos &amp; Condi\u00e7\u00f5es<\/a><a class='button primary--btn btn--section-small' href='https:\/\/be.synxis.com\/?Hotel=12476&amp;Chain=5321&amp;promo=FULL' target='';>Reserve j\u00e1<\/a><\/div><\/div><\/div><\/div><\/div>\n\t\n\t\t\t\t<\/div>\n\t\t\t<\/div>\n\t\t<\/div>\n\t<\/div>\n","protected":false},"excerpt":{"rendered":"","protected":false},"author":83,"featured_media":0,"parent":35406,"menu_order":0,"comment_status":"closed","ping_status":"closed","template":"","meta":{"_acf_changed":false,"inline_featured_image":false,"_price":"","_stock":"","_tribe_ticket_header":"","_tribe_default_ticket_provider":"","_tribe_ticket_capacity":"0","_ticket_start_date":"","_ticket_end_date":"","_tribe_ticket_show_description":"","_tribe_ticket_show_not_going":false,"_tribe_ticket_use_global_stock":"","_tribe_ticket_global_stock_level":"","_global_stock_mode":"","_global_stock_cap":"","_tribe_rsvp_for_event":"","_tribe_ticket_going_count":"","_tribe_ticket_not_going_count":"","_tribe_tickets_list":[],"_tribe_ticket_has_attendee_info_fields":false,"footnotes":""},"class_list":["post-35442","page","type-page","status-publish","hentry"],"acf":[],"yoast_head":"<!-- This site is optimized with the Yoast SEO plugin v26.3 - https:\/\/yoast.com\/wordpress\/plugins\/seo\/ -->\n<title>Ofertas Especiais - Fontainebleau Miami Beach<\/title>\n<meta name=\"robots\" content=\"index, follow, max-snippet:-1, max-image-preview:large, max-video-preview:-1\" \/>\n<link rel=\"canonical\" href=\"https:\/\/www.fontainebleau.com\/miamibeach\/pt\/ofertas-especiais\/\" \/>\n<meta property=\"og:locale\" content=\"en_US\" \/>\n<meta property=\"og:type\" content=\"article\" \/>\n<meta property=\"og:title\" content=\"Ofertas Especiais - Fontainebleau Miami Beach\" \/>\n<meta property=\"og:url\" content=\"https:\/\/www.fontainebleau.com\/miamibeach\/pt\/ofertas-especiais\/\" \/>\n<meta property=\"og:site_name\" content=\"Fontainebleau Miami Beach\" \/>\n<meta property=\"article:publisher\" content=\"https:\/\/www.facebook.com\/pages\/Fontainebleau-Miami-Beach\/78458342904\" \/>\n<meta property=\"article:modified_time\" content=\"2026-03-12T23:15:44+00:00\" \/>\n<meta name=\"twitter:card\" content=\"summary_large_image\" \/>\n<meta name=\"twitter:site\" content=\"@Fontainebleau\" \/>\n<script type=\"application\/ld+json\" class=\"yoast-schema-graph\">{\"@context\":\"https:\/\/schema.org\",\"@graph\":[{\"@type\":\"WebPage\",\"@id\":\"https:\/\/www.fontainebleau.com\/miamibeach\/pt\/ofertas-especiais\/\",\"url\":\"https:\/\/www.fontainebleau.com\/miamibeach\/pt\/ofertas-especiais\/\",\"name\":\"Ofertas Especiais - Fontainebleau Miami Beach\",\"isPartOf\":{\"@id\":\"https:\/\/www.fontainebleau.com\/miami\/#website\"},\"datePublished\":\"2026-03-12T23:15:43+00:00\",\"dateModified\":\"2026-03-12T23:15:44+00:00\",\"breadcrumb\":{\"@id\":\"https:\/\/www.fontainebleau.com\/miamibeach\/pt\/ofertas-especiais\/#breadcrumb\"},\"inLanguage\":\"en-US\",\"potentialAction\":[{\"@type\":\"ReadAction\",\"target\":[\"https:\/\/www.fontainebleau.com\/miamibeach\/pt\/ofertas-especiais\/\"]}]},{\"@type\":\"BreadcrumbList\",\"@id\":\"https:\/\/www.fontainebleau.com\/miamibeach\/pt\/ofertas-especiais\/#breadcrumb\",\"itemListElement\":[{\"@type\":\"ListItem\",\"position\":1,\"name\":\"Home Page PT\",\"item\":\"https:\/\/www.fontainebleau.com\/miamibeach\/pt\/\"},{\"@type\":\"ListItem\",\"position\":2,\"name\":\"Ofertas Especiais\"}]},{\"@type\":\"WebSite\",\"@id\":\"https:\/\/www.fontainebleau.com\/miami\/#website\",\"url\":\"https:\/\/www.fontainebleau.com\/miami\/\",\"name\":\"Fontainebleau Miami Beach\",\"description\":\"\",\"publisher\":{\"@id\":\"https:\/\/www.fontainebleau.com\/miami\/#organization\"},\"potentialAction\":[{\"@type\":\"SearchAction\",\"target\":{\"@type\":\"EntryPoint\",\"urlTemplate\":\"https:\/\/www.fontainebleau.com\/miami\/?s={search_term_string}\"},\"query-input\":{\"@type\":\"PropertyValueSpecification\",\"valueRequired\":true,\"valueName\":\"search_term_string\"}}],\"inLanguage\":\"en-US\"},{\"@type\":\"Organization\",\"@id\":\"https:\/\/www.fontainebleau.com\/miami\/#organization\",\"name\":\"Fontainebleau Miami Beach\",\"url\":\"https:\/\/www.fontainebleau.com\/miami\/\",\"logo\":{\"@type\":\"ImageObject\",\"inLanguage\":\"en-US\",\"@id\":\"https:\/\/www.fontainebleau.com\/miami\/#\/schema\/logo\/image\/\",\"url\":\"https:\/\/www.fontainebleau.com\/uploads\/2024\/01\/fontainebleau-miami-beach-logo-sw.svg\",\"contentUrl\":\"https:\/\/www.fontainebleau.com\/uploads\/2024\/01\/fontainebleau-miami-beach-logo-sw.svg\",\"width\":143,\"height\":47,\"caption\":\"Fontainebleau Miami Beach\"},\"image\":{\"@id\":\"https:\/\/www.fontainebleau.com\/miami\/#\/schema\/logo\/image\/\"},\"sameAs\":[\"https:\/\/www.facebook.com\/pages\/Fontainebleau-Miami-Beach\/78458342904\",\"https:\/\/x.com\/Fontainebleau\",\"https:\/\/www.youtube.com\/fontainebleaumb\",\"https:\/\/www.instagram.com\/fontainebleaumiamibeach\/\",\"https:\/\/www.tiktok.com\/@fontainebleau\"]}]}<\/script>\n<!-- \/ Yoast SEO plugin. -->","yoast_head_json":{"title":"Ofertas Especiais - Fontainebleau Miami Beach","robots":{"index":"index","follow":"follow","max-snippet":"max-snippet:-1","max-image-preview":"max-image-preview:large","max-video-preview":"max-video-preview:-1"},"canonical":"https:\/\/www.fontainebleau.com\/miamibeach\/pt\/ofertas-especiais\/","og_locale":"en_US","og_type":"article","og_title":"Ofertas Especiais - Fontainebleau Miami Beach","og_url":"https:\/\/www.fontainebleau.com\/miamibeach\/pt\/ofertas-especiais\/","og_site_name":"Fontainebleau Miami Beach","article_publisher":"https:\/\/www.facebook.com\/pages\/Fontainebleau-Miami-Beach\/78458342904","article_modified_time":"2026-03-12T23:15:44+00:00","twitter_card":"summary_large_image","twitter_site":"@Fontainebleau","schema":{"@context":"https:\/\/schema.org","@graph":[{"@type":"WebPage","@id":"https:\/\/www.fontainebleau.com\/miamibeach\/pt\/ofertas-especiais\/","url":"https:\/\/www.fontainebleau.com\/miamibeach\/pt\/ofertas-especiais\/","name":"Ofertas Especiais - Fontainebleau Miami Beach","isPartOf":{"@id":"https:\/\/www.fontainebleau.com\/miami\/#website"},"datePublished":"2026-03-12T23:15:43+00:00","dateModified":"2026-03-12T23:15:44+00:00","breadcrumb":{"@id":"https:\/\/www.fontainebleau.com\/miamibeach\/pt\/ofertas-especiais\/#breadcrumb"},"inLanguage":"en-US","potentialAction":[{"@type":"ReadAction","target":["https:\/\/www.fontainebleau.com\/miamibeach\/pt\/ofertas-especiais\/"]}]},{"@type":"BreadcrumbList","@id":"https:\/\/www.fontainebleau.com\/miamibeach\/pt\/ofertas-especiais\/#breadcrumb","itemListElement":[{"@type":"ListItem","position":1,"name":"Home Page PT","item":"https:\/\/www.fontainebleau.com\/miamibeach\/pt\/"},{"@type":"ListItem","position":2,"name":"Ofertas Especiais"}]},{"@type":"WebSite","@id":"https:\/\/www.fontainebleau.com\/miami\/#website","url":"https:\/\/www.fontainebleau.com\/miami\/","name":"Fontainebleau Miami Beach","description":"","publisher":{"@id":"https:\/\/www.fontainebleau.com\/miami\/#organization"},"potentialAction":[{"@type":"SearchAction","target":{"@type":"EntryPoint","urlTemplate":"https:\/\/www.fontainebleau.com\/miami\/?s={search_term_string}"},"query-input":{"@type":"PropertyValueSpecification","valueRequired":true,"valueName":"search_term_string"}}],"inLanguage":"en-US"},{"@type":"Organization","@id":"https:\/\/www.fontainebleau.com\/miami\/#organization","name":"Fontainebleau Miami Beach","url":"https:\/\/www.fontainebleau.com\/miami\/","logo":{"@type":"ImageObject","inLanguage":"en-US","@id":"https:\/\/www.fontainebleau.com\/miami\/#\/schema\/logo\/image\/","url":"https:\/\/www.fontainebleau.com\/uploads\/2024\/01\/fontainebleau-miami-beach-logo-sw.svg","contentUrl":"https:\/\/www.fontainebleau.com\/uploads\/2024\/01\/fontainebleau-miami-beach-logo-sw.svg","width":143,"height":47,"caption":"Fontainebleau Miami Beach"},"image":{"@id":"https:\/\/www.fontainebleau.com\/miami\/#\/schema\/logo\/image\/"},"sameAs":["https:\/\/www.facebook.com\/pages\/Fontainebleau-Miami-Beach\/78458342904","https:\/\/x.com\/Fontainebleau","https:\/\/www.youtube.com\/fontainebleaumb","https:\/\/www.instagram.com\/fontainebleaumiamibeach\/","https:\/\/www.tiktok.com\/@fontainebleau"]}]}},"ticketed":false,"_links":{"self":[{"href":"https:\/\/www.fontainebleau.com\/miamibeach\/wp-json\/wp\/v2\/pages\/35442","targetHints":{"allow":["GET"]}}],"collection":[{"href":"https:\/\/www.fontainebleau.com\/miamibeach\/wp-json\/wp\/v2\/pages"}],"about":[{"href":"https:\/\/www.fontainebleau.com\/miamibeach\/wp-json\/wp\/v2\/types\/page"}],"author":[{"embeddable":true,"href":"https:\/\/www.fontainebleau.com\/miamibeach\/wp-json\/wp\/v2\/users\/83"}],"replies":[{"embeddable":true,"href":"https:\/\/www.fontainebleau.com\/miamibeach\/wp-json\/wp\/v2\/comments?post=35442"}],"version-history":[{"count":1,"href":"https:\/\/www.fontainebleau.com\/miamibeach\/wp-json\/wp\/v2\/pages\/35442\/revisions"}],"predecessor-version":[{"id":35445,"href":"https:\/\/www.fontainebleau.com\/miamibeach\/wp-json\/wp\/v2\/pages\/35442\/revisions\/35445"}],"up":[{"embeddable":true,"href":"https:\/\/www.fontainebleau.com\/miamibeach\/wp-json\/wp\/v2\/pages\/35406"}],"wp:attachment":[{"href":"https:\/\/www.fontainebleau.com\/miamibeach\/wp-json\/wp\/v2\/media?parent=35442"}],"curies":[{"name":"wp","href":"https:\/\/api.w.org\/{rel}","templated":true}]}}